 2) to base 5.
-221223
Convert 1145 (base 6) to base 10.
281
-1b27 (base 12) to base 11
-256a
Convert -116 (base 8) to base 3.
-2220
-18d1 (base 14) to base 12
-2727
What is 259 (base 12) in base 15?
18c
What is 121110021 (base 3) in base 16?
2edb
What is -23233 (base 4) in base 6?
-3251
11423 (base 6) to base 2
11010000111
Convert -4210 (base 5) to base 16.
-22b
-474 (base 8) to base 2
-100111100
202014 (base 5) to base 15
1dde
Convert 202131 (base 5) to base 8.
14615
What is -312 (base 13) in base 14?
-294
3435 (base 7) to base 11
a38
What is -8a0b (base 12) in base 8?
-35653
What is 1010111011 (base 2) in base 16?
2bb
Convert 9a83 (base 11) to base 5.
411110
1200001100 (base 3) to base 13
11c43
What is -12201222 (base 4) in base 15?
-7dc0
What is 4959 (base 10) in base 9?
6720
Convert -15434 (base 7) to base 8.
-10361
What is 12634 (base 10) in base 11?
9546
Convert 10010000101 (base 2) to base 3.
1120212
-2404110 (base 5) to base 16
-acf8
133203 (base 7) to base 8
61064
-10010100111110 (base 2) to base 5
-301114
What is 2792 (base 10) in base 15?
c62
What is 10110100 (base 3) in base 6?
15400
What is -a68a (base 16) in base 6?
-525214
What is -1100110100 (base 2) in base 13?
-4b1
What is -64b3 (base 15) in base 7?
-116103
Convert -16337 (base 9) to base 8.
-25714
What is 1216 (base 10) in base 2?
10011000000
Convert -2aa (base 13) to base 5.
-3403
711 (base 8) to base 9
557
What is -307 (base 8) in base 6?
-531
Convert -2370 (base 10) to base 3.
-10020210
Convert 26734 (base 8) to base 16.
2ddc
Convert 2000 (base 5) to base 4.
3322
1d81 (base 14) to base 4
1110131
Convert 2360 (base 7) to base 11.
726
12231 (base 4) to base 12
2b9
Convert -106c (base 14) to base 2.
-101100011000
What is -1541332 (base 6) in base 10?
-91064
Convert 1440 (base 14) to base 3.
11220202
a94 (base 13) to base 11
13a7
-25210 (base 7) to base 15
-1e67
-d48 (base 14) to base 6
-20032
What is -51052 (base 6) in base 4?
-1221020
Convert -16466 (base 11) to base 7.
-124406
What is -1984 (base 12) in base 8?
-6064
Convert 1010101110 (base 2) to base 4.
22232
2434 (base 6) to base 3
211011
4003 (base 8) to base 4
200003
What is -10100011111 (base 2) in base 11?
-a92
Convert -19b8 (base 16) to base 2.
-1100110111000
What is -164ab (base 12) in base 5?
-2004221
23241 (base 6) to base 15
ec7
115 (base 11) to base 8
211
What is -4dd (base 15) in base 10?
-1108
-485 (base 14) to base 10
-901
What is 1027 (base 10) in base 15?
487
Convert -535 (base 7) to base 9.
-331
-1203030 (base 4) to base 5
-200343
Convert d1 (base 16) to base 9.
252
-2415 (base 10) to base 2
-100101101111
Convert 312244 (base 5) to base 14.
3a96
-1413 (base 16) to base 12
-2b83
Convert -1196 (base 10) to base 14.
-616
Convert -7a6d (base 15) to base 8.
-62572
-2c0 (base 14) to base 3
-202202
What is -5ab (base 13) in base 7?
-2606
What is 1143 (base 6) in base 5?
2104
-154 (base 8) to base 10
-108
100a (base 12) to base 14
8c2
What is 1167 (base 8) in base 14?
331
What is -739 (base 12) in base 13?
-630
4d0 (base 16) to base 14
640
-3110113 (base 4) to base 3
-200122101
What is 445 (base 14) in base 12?
5a5
What is 4a75 (base 11) in base 9?
10061
Convert -2304 (base 7) to base 12.
-599
What is -41314 (base 5) in base 14?
-db7
-8777 (base 9) to base 2
-1100101000101
Convert -313b (base 13) to base 7.
-25566
What is -1600 (base 9) in base 5?
-14330
233 (base 14) to base 15
1e2
Convert 22124 (base 7) to base 4.
1112303
What is -1ec (base 16) in base 14?
-272
-c46b (base 13) to base 12
-13849
Convert 121012011 (base 3) to base 16.
2e1b
1ca (base 14) to base 9
455
Convert 7ed9 (base 15) to base 2.
110100101100011
What is -862 (base 10) in base 8?
-1536
Convert 2211110 (base 3) to base 13.
c2a
-1244 (base 5) to base 12
-147
Convert a31 (base 14) to base 7.
5561
Convert -1bec (base 15) to base 11.
-4620
-254421 (base 6) to base 4
-11220031
What is -1232112 (base 4) in base 3?
-100200120
Convert -4344 (base 5) to base 2.
-1001010111
Convert -225 (base 13) to base 12.
-269
1214 (base 5) to base 10
184
What is 53752 (base 9) in base 5?
2114411
What is -681 (base 11) in base 16?
-32f
Convert -25a79 (base 12) to base 14.
-14b6d
Convert -7626 (base 8) to base 13.
-1a7c
What is 50330 (base 6) in base 10?
6606
Convert 111001000010011 (base 2) to base 10.
29203
Convert 4680 (base 16) to base 14.
6812
Convert -269 (base 10) to base 4.
-10031
2021200 (base 3) to base 14
86d
Convert -104112 (base 5) to base 12.
-2149
What is -13653 (base 8) in base 6?
-44015
-12310030 (base 4) to base 9
-42257
What is 2549 (base 11) in base 10?
3320
-20524 (base 6) to base 10
-2788
-14332 (base 5) to base 13
-728
What is -5bb (base 14) in base 8?
-2171
140364 (base 7) to base 5
1322404
-31666 (base 7) to base 11
-5a21
-46 (base 10) to base 13
-37
Convert 1647 (base 8) to base 9.
1248
-2872 (base 9) to base 13
-cb0
-58 (base 9) to base 2
-110101
What is 1a1 (base 16) in base 9?
513
3045 (base 7) to base 5
13222
What is -35da (base 16) in base 8?
-32732
-214034 (base 5) to base 8
-16342
What is -569 (base 11) in base 12?
-488
Convert 1a6a (base 11) to base 12.
1621
What is -2221222 (base 3) in base 5?
-32114
Convert 3221100 (base 4) to base 9.
22426
-a2 (base 15) to base 12
-108
What is 136044 (base 8) in base 16?
bc24
-cc7 (base 14) to base 15
-b37
What is -5414 (base 9) in base 4?
-332032
What is 2108 (base 10) in base 8?
4074
Convert 222d (base 14) to base 4.
1130201
Convert -120523 (base 7) to base 10.
-21871
323111 (base 4) to base 7
14033
Convert 11257 (base 8) to base 6.
34051
-2dc9 (base 14) to base 9
-12235
Convert -11224 (base 5) to base 14.
-422
Convert -1a2 (base 14) to base 10.
-338
-1bc5 (base 15) to base 2
-1011110010011
-24a8 (base 12) to base 7
-15062
Convert 6503 (base 8) to base 3.
11122202
Convert -33213 (base 4) to base 12.
-6b3
Convert -5520 (base 6) to base 14.
-66c
Convert -1366 (base 9) to base 4.
-100020
1403320 (base 5) to base 14
a5bb
c029 (base 15) to base 9
61543
Convert 9327 (base 10) to base 13.
4326
What is 111110101110101 (base 2) in base 5?
2011432
What is 203233 (base 4) in base 12?
13a7
Convert 1194 (base 11) to base 9.
2117
What is -1403 (base 6) in base 4?
-11223
Convert -3b4 (base 15) to base 6.
-3524
Convert -225002 (base 7) to base 4.
-21303011
Convert -5252 (base 7) to base 4.
-130322
What is 34817 (base 12) in base 2?
10001001010010011
-7115 (base 11) to base 4
-2103232
What is 103223 (base 4) in base 13?
75b
What is -1100001110010 (base 2) in base 11?
-477a
What is -22011 (base 11) in base 6?
-403540
What is 11101110111 (base 2) in base 9?
2553
Convert -8d87 (base 14) to base 7.
-131530
Convert -83a (base 11) to base 8.
-1763
1 (base 13) to base 5
1
What is 336 (base 14) in base 4?
21330
What is -710 (base 8) in base 16?
-1c8
What is -2284 (base 16) in base 3?
-110010021
-16874 (base 11) to base 5
-1224201
What is -b00c (base 15) in base 9?
-55843
What is 113201 (base 4) in base 15?
6a5
What is -36217 (base 9) in base 5?
-1233420
-293 (base 11) to base 8
-530
Convert bf1c (base 16) to base 14.
13b88
63 (base 12) to base 5
300
What is -2d15 (base 16) in base 15?
-3646
Convert -17 (base 11) to base 8.
-22
Convert -125 (base 13) to base 14.
-104
Convert 1101111 (base 2) to base 14.
7d
-981 (base 12) to base 8
-2561
-1814 (base 15) to base 12
-300a
Convert 204251 (base 8) to base 15.
1511d
What is 440e (base 15) in base 9?
21685
10102 (base 4) to base 11
22a
What is -20233012 (base 4) in base 16?
-8bc6
-2793 (base 11) to base 16
-e1b
What is 78019 (base 10) in base 2?
10011000011000011
Convert -937b (base 13) to base 2.
-100111110011110
Convert -3517 (base 14) to base 16.
-2411
What is -1209 (base 11) in base 5?
-22312
Convert -110021112 (base 3) to base 12.
-521b
What is -4872 (base 10) in base 16?
-1308
What is 1158 (base 9) in base 2?
1101011111
Convert 1111000100110010 (base 2) to base 3.
10010200220
What is 122102 (base 9) in base 4?
101333300
What is 431 (base 7) in base 16?
da
Convert -5444 (base 9) to base 16.
-fa9
Convert -1332200 (base 4) to base 11.
-60a0
1001010100000110 (base 2) to base 14
dc90
What is -5099 (base 10) in base 6?
-35335
Convert 41 (base 7) to base 12.
25
Convert 326 (base 14) to base 8.
1156
Convert 2107 (base 8) to base 14.
583
11110010 (base 2) to base 5
1432
What 